[INFO] fetching crate jujutsu 0.7.0...
[INFO] checking jujutsu-0.7.0 against master#9610dfe5a9a731ced1ea4923ecbd0c57fe367898 for beta-170-4
[INFO] extracting crate jujutsu 0.7.0 into /workspace/builds/worker-2-tc1/source
[INFO] validating manifest of crates.io crate jujutsu 0.7.0 on toolchain 9610dfe5a9a731ced1ea4923ecbd0c57fe367898
[INFO] running `Command { std: CARGO_HOME="/workspace/cargo-home" RUSTUP_HOME="/workspace/rustup-home" "/workspace/cargo-home/bin/cargo" "+9610dfe5a9a731ced1ea4923ecbd0c57fe367898" "metadata" "--manifest-path" "Cargo.toml" "--no-deps", kill_on_drop: false }`
[INFO] started tweaking crates.io crate jujutsu 0.7.0
[INFO] finished tweaking crates.io crate jujutsu 0.7.0
[INFO] tweaked toml for crates.io crate jujutsu 0.7.0 written to /workspace/builds/worker-2-tc1/source/Cargo.toml
[INFO] crate crates.io crate jujutsu 0.7.0 already has a lockfile, it will not be regenerated
[INFO] running `Command { std: CARGO_HOME="/workspace/cargo-home" RUSTUP_HOME="/workspace/rustup-home" "/workspace/cargo-home/bin/cargo" "+9610dfe5a9a731ced1ea4923ecbd0c57fe367898" "fetch" "--manifest-path" "Cargo.toml", kill_on_drop: false }`
[INFO] [stderr]     Updating crates.io index
[INFO] [stderr]  Downloading crates ...
[INFO] [stderr]   Downloaded iana-time-zone v0.1.47
[INFO] [stderr]   Downloaded predicates-core v1.0.3
[INFO] [stderr]   Downloaded rpassword v7.2.0
[INFO] [stderr]   Downloaded zstd-safe v6.0.3+zstd.1.5.2
[INFO] [stderr]   Downloaded termtree v0.2.4
[INFO] [stderr]   Downloaded criterion_bencher_compat v0.4.0
[INFO] [stderr]   Downloaded rtoolbox v0.0.1
[INFO] [stderr]   Downloaded clap_mangen v0.2.6
[INFO] [stderr]   Downloaded predicates-tree v1.0.5
[INFO] [stderr]   Downloaded timeago v0.4.1
[INFO] [stderr]   Downloaded clap_complete v4.0.7
[INFO] [stderr]   Downloaded backoff v0.4.0
[INFO] [stderr]   Downloaded similar v2.2.0
[INFO] [stderr]   Downloaded crossterm v0.26.0
[INFO] [stderr]   Downloaded plotters v0.3.3
[INFO] [stderr]   Downloaded jujutsu-lib v0.7.0
[INFO] [stderr]   Downloaded bstr v1.0.1
[INFO] [stderr]   Downloaded insta v1.28.0
[INFO] [stderr]   Downloaded openssl-src v111.25.0+1.1.1t
[INFO] [stderr]   Downloaded esl01-renderdag v0.3.0
[INFO] running `Command { std: "docker" "create" "-v" "/var/lib/crater-agent-workspace/builds/worker-2-tc1/target:/opt/rustwide/target:rw,Z" "-v" "/var/lib/crater-agent-workspace/builds/worker-2-tc1/source:/opt/rustwide/workdir:ro,Z" "-v" "/var/lib/crater-agent-workspace/cargo-home:/opt/rustwide/cargo-home:ro,Z" "-v" "/var/lib/crater-agent-workspace/rustup-home:/opt/rustwide/rustup-home:ro,Z" "-e" "SOURCE_DIR=/opt/rustwide/workdir" "-e" "CARGO_TARGET_DIR=/opt/rustwide/target" "-e" "CARGO_HOME=/opt/rustwide/cargo-home" "-e" "RUSTUP_HOME=/opt/rustwide/rustup-home" "-w" "/opt/rustwide/workdir" "-m" "1610612736" "--user" "0:0" "--network" "none" "ghcr.io/rust-lang/crates-build-env/linux@sha256:19e73879b68f455e41552ea35293514db52ea292d993f571636dbffedb77a1ee" "/opt/rustwide/cargo-home/bin/cargo" "+9610dfe5a9a731ced1ea4923ecbd0c57fe367898" "metadata" "--no-deps" "--format-version=1", kill_on_drop: false }`
[INFO] [stdout] 900edd4eabcc8430168d87ebae299bb7ffe9f639874b15562807eb2cc96259f9
[INFO] running `Command { std: "docker" "start" "-a" "900edd4eabcc8430168d87ebae299bb7ffe9f639874b15562807eb2cc96259f9", kill_on_drop: false }`
[INFO] running `Command { std: "docker" "inspect" "900edd4eabcc8430168d87ebae299bb7ffe9f639874b15562807eb2cc96259f9", kill_on_drop: false }`
[INFO] running `Command { std: "docker" "rm" "-f" "900edd4eabcc8430168d87ebae299bb7ffe9f639874b15562807eb2cc96259f9", kill_on_drop: false }`
[INFO] [stdout] 900edd4eabcc8430168d87ebae299bb7ffe9f639874b15562807eb2cc96259f9
[INFO] running `Command { std: "docker" "create" "-v" "/var/lib/crater-agent-workspace/builds/worker-2-tc1/target:/opt/rustwide/target:rw,Z" "-v" "/var/lib/crater-agent-workspace/builds/worker-2-tc1/source:/opt/rustwide/workdir:ro,Z" "-v" "/var/lib/crater-agent-workspace/cargo-home:/opt/rustwide/cargo-home:ro,Z" "-v" "/var/lib/crater-agent-workspace/rustup-home:/opt/rustwide/rustup-home:ro,Z" "-e" "SOURCE_DIR=/opt/rustwide/workdir" "-e" "CARGO_TARGET_DIR=/opt/rustwide/target" "-e" "CARGO_INCREMENTAL=0" "-e" "RUST_BACKTRACE=full" "-e" "RUSTFLAGS=--cap-lints=forbid" "-e" "RUSTDOCFLAGS=--cap-lints=forbid" "-e" "CARGO_HOME=/opt/rustwide/cargo-home" "-e" "RUSTUP_HOME=/opt/rustwide/rustup-home" "-w" "/opt/rustwide/workdir" "-m" "1610612736" "--user" "0:0" "--network" "none" "ghcr.io/rust-lang/crates-build-env/linux@sha256:19e73879b68f455e41552ea35293514db52ea292d993f571636dbffedb77a1ee" "/opt/rustwide/cargo-home/bin/cargo" "+9610dfe5a9a731ced1ea4923ecbd0c57fe367898" "check" "--frozen" "--all" "--all-targets" "--message-format=json", kill_on_drop: false }`
[INFO] [stdout] 2afb4908204e791d941cafd95d92fdb2f473a06e2e55424707a40673fac30ebb
[INFO] running `Command { std: "docker" "start" "-a" "2afb4908204e791d941cafd95d92fdb2f473a06e2e55424707a40673fac30ebb", kill_on_drop: false }`
[INFO] [stderr]    Compiling syn v1.0.104
[INFO] [stderr]    Compiling proc-macro2 v1.0.47
[INFO] [stderr]     Checking regex-syntax v0.6.27
[INFO] [stderr]    Compiling jobserver v0.1.24
[INFO] [stderr]    Compiling serde_derive v1.0.152
[INFO] [stderr]    Compiling once_cell v1.17.1
[INFO] [stderr]    Compiling serde v1.0.152
[INFO] [stderr]     Checking either v1.8.0
[INFO] [stderr]    Compiling thiserror v1.0.38
[INFO] [stderr]    Compiling cc v1.0.73
[INFO] [stderr]    Compiling quote v1.0.21
[INFO] [stderr]     Checking os_str_bytes v6.3.0
[INFO] [stderr]     Checking itertools v0.10.5
[INFO] [stderr]    Compiling io-lifetimes v1.0.1
[INFO] [stderr]    Compiling getrandom v0.2.7
[INFO] [stderr]    Compiling ahash v0.7.6
[INFO] [stderr]    Compiling memchr v2.5.0
[INFO] [stderr]    Compiling serde_json v1.0.93
[INFO] [stderr]    Compiling rustix v0.36.4
[INFO] [stderr]    Compiling proc-macro-error-attr v1.0.4
[INFO] [stderr]    Compiling aho-corasick v0.7.19
[INFO] [stderr]    Compiling libz-sys v1.1.8
[INFO] [stderr]    Compiling openssl-sys v0.9.75
[INFO] [stderr]    Compiling libssh2-sys v0.2.23
[INFO] [stderr]     Checking regex v1.7.1
[INFO] [stderr]    Compiling zstd-sys v2.0.1+zstd.1.5.2
[INFO] [stderr]    Compiling indexmap v1.9.2
[INFO] [stderr]    Compiling ucd-trie v0.1.5
[INFO] [stderr]     Checking linux-raw-sys v0.1.3
[INFO] [stderr]     Checking matches v0.1.9
[INFO] [stderr]     Checking itoa v1.0.3
[INFO] [stderr]    Compiling anyhow v1.0.68
[INFO] [stderr]     Checking rand_core v0.6.3
[INFO] [stderr]     Checking regex-automata v0.1.10
[INFO] [stderr]    Compiling hashbrown v0.12.3
[INFO] [stderr]    Compiling libgit2-sys v0.14.2+1.5.1
[INFO] [stderr]     Checking unicode-normalization v0.1.21
[INFO] [stderr]    Compiling num-integer v0.1.45
[INFO] [stderr]    Compiling async-trait v0.1.61
[INFO] [stderr]    Compiling signal-hook v0.3.14
[INFO] [stderr]    Compiling zstd-safe v6.0.3+zstd.1.5.2
[INFO] [stderr]    Compiling parking_lot_core v0.9.4
[INFO] [stderr]     Checking idna v0.2.3
[INFO] [stderr]     Checking rand_chacha v0.3.1
[INFO] [stderr]     Checking form_urlencoded v1.0.1
[INFO] [stderr]     Checking crossbeam-utils v0.8.11
[INFO] [stderr]     Checking clap_lex v0.3.0
[INFO] [stderr]     Checking signal-hook-registry v1.4.0
[INFO] [stderr]     Checking subtle v2.4.1
[INFO] [stderr]     Checking digest v0.10.6
[INFO] [stderr]     Checking url v2.2.2
[INFO] [stderr]     Checking is-terminal v0.4.1
[INFO] [stderr]     Checking rand v0.8.5
[INFO] [stderr]     Checking mio v0.8.4
[INFO] [stderr]     Checking ordered-float v2.10.0
[INFO] [stderr]    Compiling jujutsu-lib v0.7.0
[INFO] [stderr]     Checking overload v0.1.1
[INFO] [stderr]     Checking integer-encoding v3.0.4
[INFO] [stderr]     Checking iana-time-zone v0.1.47
[INFO] [stderr]    Compiling proc-macro-error v1.0.4
[INFO] [stderr]     Checking pathdiff v0.2.1
[INFO] [stderr]     Checking openssl-probe v0.1.5
[INFO] [stderr]     Checking chrono v0.4.23
[INFO] [stderr]     Checking thrift v0.17.0
[INFO] [stderr]     Checking backoff v0.4.0
[INFO] [stderr]     Checking nu-ansi-term v0.46.0
[INFO] [stderr]     Checking signal-hook-mio v0.2.3
[INFO] [stderr]     Checking blake2 v0.10.6
[INFO] [stderr]     Checking parking_lot v0.12.1
[INFO] [stderr]     Checking crossbeam-epoch v0.9.10
[INFO] [stderr]     Checking matchers v0.1.0
[INFO] [stderr]     Checking rtoolbox v0.0.1
[INFO] [stderr]     Checking dirs-sys v0.3.7
[INFO] [stderr]     Checking thread_local v1.1.4
[INFO] [stderr]     Checking roff v0.2.1
[INFO] [stderr]     Checking maplit v1.0.2
[INFO] [stderr]     Checking whoami v1.3.0
[INFO] [stderr]     Checking smawk v0.3.1
[INFO] [stderr]     Checking crossbeam-deque v0.8.2
[INFO] [stderr]     Checking dirs v4.0.0
[INFO] [stderr]     Checking rpassword v7.2.0
[INFO] [stderr]     Checking crossterm v0.26.0
[INFO] [stderr]     Checking crossbeam-channel v0.5.6
[INFO] [stderr]     Checking esl01-renderdag v0.3.0
[INFO] [stderr]     Checking num_cpus v1.15.0
[INFO] [stderr]     Checking ciborium-io v0.2.0
[INFO] [stderr]     Checking timeago v0.4.1
[INFO] [stderr]     Checking glob v0.3.1
[INFO] [stderr]     Checking plotters-backend v0.3.4
[INFO] [stderr]     Checking ciborium-ll v0.2.0
[INFO] [stderr]     Checking rayon-core v1.9.3
[INFO] [stderr]     Checking clap_lex v0.2.4
[INFO] [stderr]     Checking cast v0.3.0
[INFO] [stderr]     Checking predicates-core v1.0.3
[INFO] [stderr]     Checking textwrap v0.15.2
[INFO] [stderr]     Checking criterion-plot v0.5.0
[INFO] [stderr]     Checking plotters-svg v0.3.3
[INFO] [stderr]     Checking float-cmp v0.9.0
[INFO] [stderr]     Checking plotters v0.3.3
[INFO] [stderr]     Checking atty v0.2.14
[INFO] [stderr]     Checking clap v3.2.22
[INFO] [stderr]     Checking termtree v0.2.4
[INFO] [stderr]     Checking normalize-line-endings v0.3.0
[INFO] [stderr]     Checking rayon v1.5.3
[INFO] [stderr]     Checking anes v0.1.6
[INFO] [stderr]     Checking oorandom v11.1.3
[INFO] [stderr]     Checking predicates-tree v1.0.5
[INFO] [stderr]     Checking yaml-rust v0.4.5
[INFO] [stderr]     Checking predicates v2.1.5
[INFO] [stderr]     Checking bstr v1.0.1
[INFO] [stderr]     Checking console v0.15.4
[INFO] [stderr]     Checking similar v2.2.0
[INFO] [stderr]     Checking assert_cmd v2.0.8
[INFO] [stderr]     Checking insta v1.28.0
[INFO] [stderr]    Compiling unicode-linebreak v0.1.4
[INFO] [stderr]    Compiling thiserror-impl v1.0.38
[INFO] [stderr]    Compiling tracing-attributes v0.1.23
[INFO] [stderr]    Compiling clap_derive v4.0.21
[INFO] [stderr]    Compiling prost-derive v0.11.6
[INFO] [stderr]    Compiling pest v2.5.5
[INFO] [stderr]     Checking textwrap v0.16.0
[INFO] [stderr]     Checking tracing v0.1.37
[INFO] [stderr]     Checking tracing-subscriber v0.3.16
[INFO] [stderr]     Checking prost v0.11.6
[INFO] [stderr]     Checking clap v4.0.32
[INFO] [stderr]    Compiling pest_meta v2.5.5
[INFO] [stderr]    Compiling pest_generator v2.5.5
[INFO] [stderr]     Checking clap_mangen v0.2.6
[INFO] [stderr]     Checking clap_complete v4.0.7
[INFO] [stderr]    Compiling pest_derive v2.5.5
[INFO] [stderr]     Checking toml v0.5.9
[INFO] [stderr]     Checking ciborium v0.2.0
[INFO] [stderr]     Checking tinytemplate v1.2.1
[INFO] [stderr]     Checking config v0.13.3
[INFO] [stderr]     Checking criterion v0.4.0
[INFO] [stderr]     Checking criterion_bencher_compat v0.4.0
[INFO] [stderr]     Checking zstd v0.12.3+zstd.1.5.2
[INFO] [stderr]     Checking git2 v0.16.1
[INFO] [stderr]     Checking jujutsu v0.7.0 (/opt/rustwide/workdir)
[INFO] [stdout] error[E0432]: unresolved import `testutils`
[INFO] [stdout]   --> tests/common/mod.rs:21:5
[INFO] [stdout]    |
[INFO] [stdout] 21 | use testutils;
[INFO] [stdout]    |     ^^^^^^^^^ no external crate `testutils`
[INFO] [stdout] 
[INFO] [stdout] 
[INFO] [stdout] error[E0432]: unresolved import `testutils`
[INFO] [stdout]   --> tests/common/mod.rs:21:5
[INFO] [stdout]    |
[INFO] [stdout] 21 | use testutils;
[INFO] [stdout]    |     ^^^^^^^^^ no external crate `testutils`
[INFO] [stdout] 
[INFO] [stdout] 
[INFO] [stdout] error[E0432]: unresolved import `testutils`
[INFO] [stdout]   --> tests/common/mod.rs:21:5
[INFO] [stdout]    |
[INFO] [stdout] 21 | use testutils;
[INFO] [stdout]    |     ^^^^^^^^^ no external crate `testutils`
[INFO] [stdout] 
[INFO] [stdout] 
[INFO] [stdout] error[E0432]: unresolved import `testutils`
[INFO] [stdout]   --> tests/common/mod.rs:21:5
[INFO] [stdout]    |
[INFO] [stdout] 21 | use testutils;
[INFO] [stdout]    |     ^^^^^^^^^ no external crate `testutils`
[INFO] [stdout] 
[INFO] [stdout] 
[INFO] [stdout] error: aborting due to previous error
[INFO] [stdout] 
[INFO] [stdout] 
[INFO] [stdout] For more information about this error, try `rustc --explain E0432`.
[INFO] [stdout] 
[INFO] [stderr] error: could not compile `jujutsu` (test "test_debug_command") due to 2 previous errors
[INFO] [stderr] warning: build failed, waiting for other jobs to finish...
[INFO] [stdout] error: aborting due to previous error
[INFO] [stdout] 
[INFO] [stdout] 
[INFO] [stdout] For more information about this error, try `rustc --explain E0432`.
[INFO] [stdout] 
[INFO] [stderr] error: could not compile `jujutsu` (test "test_interdiff_command") due to 2 previous errors
[INFO] [stdout] error: aborting due to previous error
[INFO] [stdout] 
[INFO] [stdout] 
[INFO] [stdout] For more information about this error, try `rustc --explain E0432`.
[INFO] [stdout] 
[INFO] [stdout] error: aborting due to previous error
[INFO] [stdout] 
[INFO] [stdout] 
[INFO] [stdout] For more information about this error, try `rustc --explain E0432`.
[INFO] [stdout] 
[INFO] [stderr] error: could not compile `jujutsu` (test "test_cat_command") due to 2 previous errors
[INFO] [stderr] error: could not compile `jujutsu` (test "test_git_push") due to 2 previous errors
[INFO] [stdout] error[E0432]: unresolved import `testutils`
[INFO] [stdout]   --> tests/common/mod.rs:21:5
[INFO] [stdout]    |
[INFO] [stdout] 21 | use testutils;
[INFO] [stdout]    |     ^^^^^^^^^ no external crate `testutils`
[INFO] [stdout] 
[INFO] [stdout] 
[INFO] [stdout] error[E0432]: unresolved import `testutils`
[INFO] [stdout]   --> tests/common/mod.rs:21:5
[INFO] [stdout]    |
[INFO] [stdout] 21 | use testutils;
[INFO] [stdout]    |     ^^^^^^^^^ no external crate `testutils`
[INFO] [stdout] 
[INFO] [stdout] 
[INFO] [stdout] error: aborting due to previous error
[INFO] [stdout] 
[INFO] [stdout] 
[INFO] [stdout] For more information about this error, try `rustc --explain E0432`.
[INFO] [stdout] 
[INFO] [stdout] error: aborting due to previous error
[INFO] [stdout] 
[INFO] [stdout] 
[INFO] [stdout] For more information about this error, try `rustc --explain E0432`.
[INFO] [stdout] 
[INFO] [stderr] error: could not compile `jujutsu` (test "test_show_command") due to 2 previous errors
[INFO] [stderr] error: could not compile `jujutsu` (test "test_abandon_command") due to 2 previous errors
[INFO] running `Command { std: "docker" "inspect" "2afb4908204e791d941cafd95d92fdb2f473a06e2e55424707a40673fac30ebb", kill_on_drop: false }`
[INFO] running `Command { std: "docker" "rm" "-f" "2afb4908204e791d941cafd95d92fdb2f473a06e2e55424707a40673fac30ebb", kill_on_drop: false }`
[INFO] [stdout] 2afb4908204e791d941cafd95d92fdb2f473a06e2e55424707a40673fac30ebb
